{"id":5309,"date":"2024-09-18T12:21:08","date_gmt":"2024-09-18T12:21:08","guid":{"rendered":"https:\/\/www.kaskivaara.fi\/?page_id=5309"},"modified":"2025-02-09T14:09:15","modified_gmt":"2025-02-09T14:09:15","slug":"yhteystiedot","status":"publish","type":"page","link":"https:\/\/www.kaskivaara.fi\/?page_id=5309","title":{"rendered":"Yhteystiedot"},"content":{"rendered":"\n<p>Puh 040-1517440 klo 8-20. Mik\u00e4li emme vastaa heti, laitan viesti, mit\u00e4 asia koskee niin palaan asiaan mahdollisimman pian, tai soita my\u00f6hemmin uudelleen. <br>Sovi aina el\u00e4imen tuonti\/haku etuk\u00e4teen!<\/p>\n","protected":false},"excerpt":{"rendered":"<p>Puh 040-1517440 klo 8-20. Mik\u00e4li emme vastaa heti, laitan viesti, mit\u00e4 asia koskee niin palaan asiaan mahdollisimman pian, tai soita my\u00f6hemmin uudelleen. Sovi aina el\u00e4imen tuonti\/haku etuk\u00e4teen!<\/p>\n","protected":false},"author":2,"featured_media":0,"parent":0,"menu_order":0,"comment_status":"closed","ping_status":"closed","template":"","meta":{"ngg_post_thumbnail":0,"footnotes":""},"class_list":["post-5309","page","type-page","status-publish","hentry"],"_links":{"self":[{"href":"https:\/\/www.kaskivaara.fi\/index.php?rest_route=\/wp\/v2\/pages\/5309","targetHints":{"allow":["GET"]}}],"collection":[{"href":"https:\/\/www.kaskivaara.fi\/index.php?rest_route=\/wp\/v2\/pages"}],"about":[{"href":"https:\/\/www.kaskivaara.fi\/index.php?rest_route=\/wp\/v2\/types\/page"}],"author":[{"embeddable":true,"href":"https:\/\/www.kaskivaara.fi\/index.php?rest_route=\/wp\/v2\/users\/2"}],"replies":[{"embeddable":true,"href":"https:\/\/www.kaskivaara.fi\/index.php?rest_route=%2Fwp%2Fv2%2Fcomments&post=5309"}],"version-history":[{"count":2,"href":"https:\/\/www.kaskivaara.fi\/index.php?rest_route=\/wp\/v2\/pages\/5309\/revisions"}],"predecessor-version":[{"id":5529,"href":"https:\/\/www.kaskivaara.fi\/index.php?rest_route=\/wp\/v2\/pages\/5309\/revisions\/5529"}],"wp:attachment":[{"href":"https:\/\/www.kaskivaara.fi\/index.php?rest_route=%2Fwp%2Fv2%2Fmedia&parent=5309"}],"curies":[{"name":"wp","href":"https:\/\/api.w.org\/{rel}","templated":true}]}}